{"id":99,"date":"2024-01-23T15:35:56","date_gmt":"2024-01-23T14:35:56","guid":{"rendered":"http:\/\/hosjstf.dk\/?page_id=99"},"modified":"2025-06-27T19:01:14","modified_gmt":"2025-06-27T17:01:14","slug":"generalforsamling","status":"publish","type":"page","link":"https:\/\/hosjstf.dk\/index.php\/generalforsamling\/","title":{"rendered":"Generalforsamling"},"content":{"rendered":"\n\n\t<h1><b><strong>Hospice Sj\u00e6lland St\u00f8tteforening<\/strong><\/b><\/h1>\n<h4><b><strong>&#8211; g\u00f8r en forskel<\/strong><\/b><\/h4>\n\t<h3><strong>Generalforsamling<\/strong><\/h3>\n<p>Generalforsamlingen er foreningens \u00f8verste myndighed. Medlemmerne f\u00e5r her bl.a. information om \u00e5rets gang i St\u00f8tteforeningen, f\u00e5r mulighed for at m\u00f8de bestyrelsen og andre medlemmer af foreningen samt er med til at v\u00e6lge bestyrelsesmedlemmer og fasts\u00e6tte n\u00e6ste \u00e5rs kontingent. <\/p>\n<p>M\u00f8derne hed tidligere \u00e5rsm\u00f8der, men har siden vedt\u00e6gts\u00e6ndringerne i 2022 heddet generalforsamling.\u00a0<\/p>\n<p>Generalforsamlingen holdes hvert \u00e5r inden udgangen af maj m\u00e5ned.<\/p>\n<p>&nbsp;<\/p>\n<p>&nbsp;<\/p>\n<h4><a href=\"http:\/\/hosjstf.dk\/wp-content\/uploads\/2025\/06\/2025-Referat-fra-generalforsamling.pdf\" target=\"_blank\" rel=\"noopener\">2025 Referat fra generalforsamling<\/a><\/h4>\n<h4><a href=\"http:\/\/hosjstf.dk\/wp-content\/uploads\/2024\/06\/2024-Referat-fra-generalforsamling.pdf\" target=\"_blank\" rel=\"noopener\">2024 Referat fra generalforsamling<\/a><\/h4>\n<h4><a href=\"http:\/\/hosjstf.dk\/wp-content\/uploads\/2024\/03\/2023-Referat-fra-generalforsamling-2.pdf\" target=\"_blank\" rel=\"noopener\">2023 Referat fra generalforsamling<\/a><\/h4>\n<h4><a href=\"http:\/\/hosjstf.dk\/wp-content\/uploads\/2024\/03\/2022-Aarsmoedereferat-1.pdf\" target=\"_blank\" rel=\"noopener\">2022 \u00c5rsm\u00f8dereferat<\/a><\/h4>\n<h4><a href=\"http:\/\/hosjstf.dk\/wp-content\/uploads\/2024\/03\/2021-Referat-fra-ekstraordinaert-aarsmoede-1.pdf\" target=\"_blank\" rel=\"noopener\">2021 Referat fra ekstraordin\u00e6rt \u00e5rsm\u00f8de<\/a><\/h4>\n<h4><a href=\"http:\/\/hosjstf.dk\/wp-content\/uploads\/2024\/03\/2021-Aarsmoedereferat-1.pdf\" target=\"_blank\" rel=\"noopener\">2021 \u00c5rsm\u00f8dereferat<\/a><\/h4>\n<h4><a href=\"http:\/\/hosjstf.dk\/wp-content\/uploads\/2024\/03\/2020-Aarsmoedereferat.pdf\" target=\"_blank\" rel=\"noopener\">2020 \u00c5rsm\u00f8dereferat<\/a><\/h4>\n<h4><a href=\"http:\/\/hosjstf.dk\/wp-content\/uploads\/2025\/06\/Indsamlingsregnskab_2024-underskrevet.pdf\" target=\"_blank\" rel=\"noopener\">Indsamlingsregnskab_2024 underskrevet<\/a><\/h4>\n<h2  id=\"general\">\n\t\t\tKontakt os \t<\/h2>\n\t<p>Hvis du har nogle sp\u00f8rgsm\u00e5l eller tanker, er du meget velkommen til at kontakte os p\u00e5 formularen herunder.<\/p>\n\n","protected":false},"excerpt":{"rendered":"<p>Hospice Sj\u00e6lland St\u00f8tteforening &#8211; g\u00f8r en forskel Generalforsamling Generalforsamlingen er foreningens \u00f8verste myndighed. Medlemmerne f\u00e5r her bl.a. information om \u00e5rets gang i St\u00f8tteforeningen, f\u00e5r mulighed for at m\u00f8de bestyrelsen og andre medlemmer af foreningen samt er med til at v\u00e6lge bestyrelsesmedlemmer og fasts\u00e6tte n\u00e6ste \u00e5rs kontingent. M\u00f8derne hed tidligere \u00e5rsm\u00f8der, men har siden vedt\u00e6gts\u00e6ndringerne i&hellip;<\/p>\n","protected":false},"author":1,"featured_media":0,"parent":0,"menu_order":0,"comment_status":"closed","ping_status":"closed","template":"","meta":{"footnotes":""},"class_list":["post-99","page","type-page","status-publish","hentry"],"_links":{"self":[{"href":"https:\/\/hosjstf.dk\/index.php\/wp-json\/wp\/v2\/pages\/99","targetHints":{"allow":["GET"]}}],"collection":[{"href":"https:\/\/hosjstf.dk\/index.php\/wp-json\/wp\/v2\/pages"}],"about":[{"href":"https:\/\/hosjstf.dk\/index.php\/wp-json\/wp\/v2\/types\/page"}],"author":[{"embeddable":true,"href":"https:\/\/hosjstf.dk\/index.php\/wp-json\/wp\/v2\/users\/1"}],"replies":[{"embeddable":true,"href":"https:\/\/hosjstf.dk\/index.php\/wp-json\/wp\/v2\/comments?post=99"}],"version-history":[{"count":20,"href":"https:\/\/hosjstf.dk\/index.php\/wp-json\/wp\/v2\/pages\/99\/revisions"}],"predecessor-version":[{"id":697,"href":"https:\/\/hosjstf.dk\/index.php\/wp-json\/wp\/v2\/pages\/99\/revisions\/697"}],"wp:attachment":[{"href":"https:\/\/hosjstf.dk\/index.php\/wp-json\/wp\/v2\/media?parent=99"}],"curies":[{"name":"wp","href":"https:\/\/api.w.org\/{rel}","templated":true}]}}