{"id":392,"date":"2024-03-05T17:48:42","date_gmt":"2024-03-05T16:48:42","guid":{"rendered":"https:\/\/hosjstf.dk\/?page_id=392"},"modified":"2024-12-09T16:12:39","modified_gmt":"2024-12-09T15:12:39","slug":"bliv-medlem","status":"publish","type":"page","link":"https:\/\/hosjstf.dk\/index.php\/bliv-medlem\/","title":{"rendered":"Bliv medlem"},"content":{"rendered":"\n\n\t<h1><b><strong>Hospice Sj\u00e6lland St\u00f8tteforening<\/strong><\/b><\/h1>\n<h4><b><strong>&#8211; g\u00f8r en forskel<\/strong><\/b><\/h4>\n\t<h1><strong>Hvorfor?<\/strong>\u00a0<\/h1>\n\t<h4>Som medlem af St\u00f8tteforeningen er du via dit kontingent bl.a. med til at bidrage til aktiviteter p\u00e5 Hospice Sj\u00e6lland for patienter og p\u00e5r\u00f8rende.<\/h4>\n<h2>\n\t\tKontakt os \n\t<\/h2>\n\t<p>Hvis du har nogle sp\u00f8rgsm\u00e5l eller tanker, er du meget velkommen til at kontakte os p\u00e5 formularen herunder.<\/p>\n\n","protected":false},"excerpt":{"rendered":"<p>Hospice Sj\u00e6lland St\u00f8tteforening &#8211; g\u00f8r en forskel Hvorfor?\u00a0 Som medlem af St\u00f8tteforeningen er du via dit kontingent bl.a. med til at bidrage til aktiviteter p\u00e5 Hospice Sj\u00e6lland for patienter og p\u00e5r\u00f8rende. Kontakt os Hvis du har nogle sp\u00f8rgsm\u00e5l eller tanker, er du meget velkommen til at kontakte os p\u00e5 formularen herunder.<\/p>\n","protected":false},"author":2,"featured_media":0,"parent":0,"menu_order":0,"comment_status":"closed","ping_status":"closed","template":"","meta":{"footnotes":""},"class_list":["post-392","page","type-page","status-publish","hentry"],"_links":{"self":[{"href":"https:\/\/hosjstf.dk\/index.php\/wp-json\/wp\/v2\/pages\/392","targetHints":{"allow":["GET"]}}],"collection":[{"href":"https:\/\/hosjstf.dk\/index.php\/wp-json\/wp\/v2\/pages"}],"about":[{"href":"https:\/\/hosjstf.dk\/index.php\/wp-json\/wp\/v2\/types\/page"}],"author":[{"embeddable":true,"href":"https:\/\/hosjstf.dk\/index.php\/wp-json\/wp\/v2\/users\/2"}],"replies":[{"embeddable":true,"href":"https:\/\/hosjstf.dk\/index.php\/wp-json\/wp\/v2\/comments?post=392"}],"version-history":[{"count":7,"href":"https:\/\/hosjstf.dk\/index.php\/wp-json\/wp\/v2\/pages\/392\/revisions"}],"predecessor-version":[{"id":631,"href":"https:\/\/hosjstf.dk\/index.php\/wp-json\/wp\/v2\/pages\/392\/revisions\/631"}],"wp:attachment":[{"href":"https:\/\/hosjstf.dk\/index.php\/wp-json\/wp\/v2\/media?parent=392"}],"curies":[{"name":"wp","href":"https:\/\/api.w.org\/{rel}","templated":true}]}}